et b = 252 + m. What is the units digit of b?
8
Suppose 0 = d + 508 - 1831. Suppose -3*s = 3*g - 2*s - d, 2*s + 6 = 0. What is the units digit of g?
2
Let v = -263 + 257. What is the units digit of (136/(-10))/((-9)/((-1485)/v))?
4
Let n be (6/15)/((-7)/(-105)*-3). Let x(v) = 194*v**2 + v + 11. What is the units digit of x(n)?
5
Let h(y) = -5 + 661*y - 335*y - 325*y + 96*y**2. What is the units digit of h(2)?
1
Let u(f) be the second derivative of -f**5/20 - f**4/6 + f**3/3 + 12*f**2 - 2*f + 45. Suppose 0 = -0*b + 4*b + 24. What is the units digit of u(b)?
6
Suppose 4*c = -83 - 29. Let y be ((-12)/14)/(36/c - -1). Suppose -292 = -y*n - n. What is the units digit of n?
3
Suppose -q + 27 = 7. Let u be (17 - q)*(-1)/((-6)/50). What is the tens digit of (-2 - u/15) + (-80)/(-6)?
1
Suppose u = -3*t + 96129, 3*u - 355 = -337. What is the units digit of t?
1
Let w = -866 - -880. What is the thousands digit of 7 - (w + 2) - -1170?
1
Let q be -2 + 46/(-7) - (-39)/(-91). Let h(n) = 28 + 2*n - 4*n + 4*n. What is the tens digit of h(q)?
1
Let i(x) = 6*x - x**2 + 2*x - 3*x + 136. Let k be (12 - (-2 + 14))*1. What is the hundreds digit of i(k)?
1
Let j(q) = -27*q. Let b(h) = h**2 - 4*h - 2. Let g be b(4). Let f be j(g). What is the units digit of (-2)/(-9) + 1770/f?
3
Let n(w) be the second derivative of -337*w**3/6 + 157*w**2/2 - 148*w. What is the thousands digit of n(-3)?
1
Suppose 5*s - f = 118485, 98*s + 47394 = 100*s - 5*f. What is the ten thousands digit of s?
2
What is the units digit of 280/20 + -18 - (1 - 0)*-16420?
6
What is the units digit of (1769 - 38)/((-30)/11 + 3)?
7
What is the tens digit of -12 + 22 + -8 + 12890?
9
Let k(u) be the second derivative of -u**5/10 + 41*u**4/12 + 61*u**3/6 - 43*u**2/2 - 34*u. What is the units digit of k(21)?
7
Let s = 7716 + -4294. What is the units digit of s?
2
Let b(y) = 2*y + 78. Let h be b(-27). Suppose h*c - 796 = 1604. What is the hundreds digit of c?
1
Let c = -9778 + 15281. Suppose -8*j + c - 1831 = 0. What is the units digit of j?
9
Let b(k) = 0 - 7 - 4 + 1 - 11*k. Let o be b(-5). What is the units digit of (-9)/12*-4*(2 + o)?
1
Let s = 98 + -84. Let f be ((-10)/(-3))/(s/21). Suppose 520 = f*j - h, 4*j - 2*h = h + 416. What is the hundreds digit of j?
1
Let j(x) = x**2 - 16*x + 10. Let q be j(16). Suppose 412 + 3518 = q*t. Suppose -9*y = -6*y - t. What is the tens digit of y?
3
Suppose 101*m - 10*m + 17980 - 744524 = 0. What is the tens digit of m?
8
Suppose 0 = -44*v + 10*v + 4862. Let i = v - 130. What is the units digit of i?
3
Let l = 19 - 13. Suppose l*u = 7*u - 68. Suppose g = 10 + u. What is the units digit of g?
8
Let o(l) = -16*l**3 + 5*l**2 + 2*l - 8. Let x(m) = -32*m**3 + 9*m**2 + 4*m - 15. Let b = 97 + -101. Let i(s) = b*x(s) + 7*o(s). What is the units digit of i(1)?
7
Suppose -27 = l + 3*y, l + 3*y - 108 = 5*l. Let d(g) = g**3 + 28*g**2 + 24*g + 40. What is the hundreds digit of d(l)?
1
Let j be 276/8*(0 - -1)*6. Suppose 101 - j = -y. What is the hundreds digit of y?
1
What is the tens digit of (-572459)/129*(-8 + 3 + -1)?
2
Suppose -3*z - 26*u + 23*u - 33 = 0, -3*z - 53 = -u. Let a = 254 - z. What is the tens digit of a?
7
Suppose -2*y - 955 - 1035 = 0. Let c = -445 - y. What is the tens digit of c?
5
What is the units digit of ((-1)/((-4)/258) - 0)*(-633944)/(-2181)?
8
Suppose l = 2*d + 1273 + 405, l = 4*d + 3358. Let o = -426 - d. What is the units digit of o?
4
Let v = -80 + 91. Suppose -364 = v*u + 3*u. Let r = u - -123. What is the units digit of r?
7
Let c(r) = -r**3 + 11*r**2 - 21*r - 98. What is the units digit of c(-17)?
1
Let t = 53 - 52. Suppose -4*p + t = v, 2*v = -3*p - v + 12. What is the units digit of (p - -2) + -5 - -71?
7
Let s = -53364 + 37173. What is the hundreds digit of 6/(-39) - s/39?
4
Let n(k) = -2547*k - 4104. What is the units digit of n(-8)?
2
Let m be (-1)/(3 - 14/7). Let r = -3 - 3. What is the tens digit of ((-3)/9)/m - 406/r?
6
Let z(o) = 11610*o**2 + 30*o - 102. What is the units digit of z(2)?
8
Suppose 11*a - 9*a + 76 = 0. Let s = a + 71. What is the tens digit of 0 + s - (-4 - -8)?
2
Suppose -4*p - 32 = -12*p. Suppose 0 = 3*k + p*k - 1029. What is the units digit of k?
7
Let g(j) = 519*j**2 + 57*j + 293. What is the hundreds digit of g(-5)?
9
Let o be 8/3*21/14. Suppose 122 + 37 = t - o*m, -3*t - 4*m = -429. What is the units digit of t?
7
Let t(k) = -4*k + 90. Let j be t(15). What is the hundreds digit of (0 + 768)/(j/12 - 1)?
5
Let p = 6607 + -2419. What is the hundreds digit of p?
1
Let i = 268 + -267. What is the units digit of (-1588)/(-16) + i/(-4)?
9
Let u(t) = t**2 + 25*t + 42. Let r(q) = -23*q**2 - 134 + 7 + 20*q**2 - 75*q. Let i(z) = 6*r(z) + 17*u(z). What is the tens digit of i(-20)?
5
Suppose 5*u - 2010 = j - 2*j, 3*u - 9940 = -5*j. Suppose 2*m - j = -3*m + 5*h, 2*h = m - 402. Suppose -m = -9*p - 32. What is the units digit of p?
0
Let k(p) = p**2 + 6*p. Let r be k(-6). Suppose r*l = -3*l + 9. Suppose -l*z - 6 = -78. What is the units digit of z?
4
Suppose -6*b + 7*b + 917 = 5*l, 0 = 5*l - 4*b - 923. Suppose 5*a - 3*o = 2223, a - 631 + l = 4*o. What is the units digit of a?
4
Let u(x) = -x**3 - 6*x**2 - 2*x - 12. Let v be u(-6). Suppose y - 10 - 2 = v. Suppose 13*w = y*w + 30. What is the units digit of w?
0
Let x be 0*(-3 - (-91)/28). Suppose x = 4*p - 5*m - 1117, 2*p - 572 = 3*m - 5*m. What is the units digit of p?
3
Suppose -159*t = -158*t - 42. Suppose -t*h + 812 = -40*h. What is the tens digit of h?
0
Let q = 29264 + -13336. What is the thousands digit of q?
5
Let d(k) = 5*k**3 - 39*k**2 + 211*k - 14. What is the hundreds digit of d(13)?
1
Let q = -5 + 12. Suppose -587 + 3114 = q*a. What is the units digit of a?
1
Suppose -1489*j - 45645 = -1506*j. What is the tens digit of j?
8
Suppose 5*s = -5, 5*s + 1998 = 3*m + 2*s. Suppose d = z + 482, -4*d + 1265 = -5*z - m. What is the units digit of d?
0
Suppose 9*y - 48332 = 12274. What is the thousands digit of y?
6
Suppose -6*w + 1526 + 14476 = 0. What is the units digit of w?
7
Let x(h) = -h**2 + 14. Let s be x(-5). Let w = s - -19. What is the units digit of 750/20*w/10?
0
Let o(f) = 2*f**3 + 3*f**2 - 4*f - 12. Let h be o(-4). Let m = -70 - h. Let z(r) = 34*r - 26. What is the hundreds digit of z(m)?
1
Suppose -29*o + 16*o - 30779 = -20*o. What is the thousands digit of o?
4
Suppose 76 = -4*l + 2*t - 182, -60 = l - 5*t. Let y = 220 - 110. Let r = y + l. What is the units digit of r?
5
Let v(d) = -2*d**3 + 38*d**2 - 23*d + 46. What is the hundreds digit of v(18)?
2
Let s(r) = 9*r**3 - 30*r**2 - 24*r + 24. Let n(z) = -11*z**3 + 29*z**2 + 24*z - 23. Let w(g) = -5*n(g) - 6*s(g). What is the tens digit of w(-34)?
1
Let x = -7556 - -7632. What is the units digit of x?
6
Let g(u) = -7*u**2 - 4*u**2 - 24 + 36 - 10*u. Let f be g(-6). Let i = 484 + f. What is the units digit of i?
0
Let d(a) = -a - 1. Let f = -40 - -37. Let m(x) = 6*x**2 - 11*x - 3. Let s(t) = f*d(t) + m(t). What is the tens digit of s(3)?
3
Suppose 3*a - 3*d - 6303 = -483, -a = 4*d - 1930. What is the tens digit of a?
3
What is the thousands digit of 4*327/(-36)*(-1 - 266)?
9
Suppose 0 = 5*j - 4*p - 29867, j + 5*p - 4233 = 1723. What is the thousands digit of j?
5
Suppose 0 = v - 14 + 15. What is the units digit of -28 + 27 - (v + -355)*1?
5
Suppose 0 = -4*m + 3*s + 22905, -3149 = -m + s + 2576. What is the units digit of m?
0
What is the hundreds digit of (5/3)/(875/20935425)?
8
Suppose 18*v - 5*i = 17*v + 2391, -4*v + 9586 = 2*i. What is the units digit of v?
6
Let o(v) = 106*v**2 + 97*v - 1041. What is the units digit of o(12)?
7
Suppose 0 = -19*l + 10*l - 2241. Let c be (10/(-15))/((-4)/(-2562)*-1). Let b = l + c. What is the hundreds digit of b?
1
Suppose 2*k - 35878 = 1361462. What is the thousands digit of k/525 + 2/10 + 0?
1
Let o(n) = 5*n**2 + 92*n + 688. What is the units digit of o(-40)?
8
Let f(i) = -649*i - 5. Let d be f(-4). Let t = d - 1364. What is the thousands digit of t?
1
Let s be 732 + (-2 - (-20)/5). Suppose -1478 = -2*n - x, -n + 3*x = x - s. What is the tens digit of n?
3
Suppose 5 = -3*z + 26. Suppose 0 = 9*d - z*d - 6. What is the tens digit of (-83)/(1*(d + -1) + -3)?
8
Let c(i) = i**3 + 33*i**2 - 12*i - 67. Let m be c(-31). Suppose 3*s + 5*o - m = 0, -3*o - 1453 = -13*s + 11*s. What is the tens 